on divisor of 30053 and 656.
41
What is the greatest common factor of 2738652 and 21?
21
What is the greatest common factor of 11880 and 19710?
270
Calculate the greatest common divisor of 644 and 14336.
28
Calculate the greatest common divisor of 55 and 3485735.
55
What is the highest common factor of 4446 and 215878?
494
Calculate the highest common factor of 46 and 5750.
46
Calculate the highest common divisor of 117 and 140699.
13
Calculate the highest common divisor of 1890 and 615.
15
What is the greatest common factor of 71516 and 1444?
76
What is the greatest common divisor of 680 and 28968?
136
Calculate the greatest common factor of 60268 and 1708.
244
What is the greatest common divisor of 2563 and 2926?
11
Calculate the greatest common factor of 58597 and 506.
11
Calculate the greatest common factor of 2365648 and 40.
8
Calculate the highest common divisor of 17878 and 2689362.
2554
Calculate the highest common factor of 310 and 25637.
31
What is the highest common factor of 3698432 and 64?
64
Calculate the highest common divisor of 8340 and 60.
60
What is the greatest common factor of 11868 and 14628?
276
Calculate the highest common divisor of 3196971 and 1143.
1143
Calculate the highest common divisor of 9621 and 403013.
1069
Calculate the greatest common factor of 124150 and 25594.
382
What is the highest common factor of 5619 and 192919?
1873
Calculate the greatest common factor of 185 and 1935655.
185
Calculate the highest common factor of 700 and 7040.
20
What is the highest common divisor of 2824197 and 258?
129
What is the highest common divisor of 291488 and 224?
32
Calculate the highest common divisor of 1064 and 1491880.
152
What is the highest common factor of 22410 and 714?
6
What is the greatest common divisor of 39 and 17303?
13
Calculate the greatest common divisor of 53560 and 1040.
520
What is the greatest common factor of 19 and 2632849?
19
Calculate the greatest common factor of 8729 and 738224.
1247
What is the highest common factor of 340 and 154870?
170
Calculate the highest common divisor of 146460 and 60.
60
Calculate the greatest common factor of 3087 and 114.
3
Calculate the highest common factor of 69 and 3891669.
69
Calculate the greatest common divisor of 2197 and 1.
1
What is the greatest common divisor of 1240 and 477710?
310
Calculate the highest common factor of 1728 and 1224.
72
Calculate the greatest common factor of 30404 and 132.
44
What is the highest common divisor of 165 and 386155?
55
Calculate the greatest common divisor of 53444 and 620.
124
Calculate the highest common divisor of 4018 and 2235730.
574
Calculate the greatest common divisor of 52 and 50180.
52
What is the highest common factor of 1998 and 750?
6
What is the greatest common factor of 867 and 21845?
17
What is the highest common divisor of 658 and 473102?
658
Calculate the highest common factor of 117 and 189657.
117
What is the greatest common divisor of 58317 and 33?
3
Calculate the highest common divisor of 106343 and 928.
29
Calculate the highest common factor of 4 and 39683.
1
What is the greatest common divisor of 93060 and 11?
11
Calculate the highest common divisor of 729025 and 121.
121
Calculate the highest common divisor of 924 and 200200.
308
Calculate the greatest common factor of 4158 and 1370358.
594
Calculate the greatest common factor of 1054 and 917507.
527
What is the highest common divisor of 1151367 and 654?
327
Calculate the greatest common divisor of 2583 and 509712.
861
What is the greatest common factor of 24096 and 5664?
96
Calculate the greatest common divisor of 1034605 and 715.
715
Calculate the highest common factor of 18 and 8018370.
18
What is the highest common divisor of 121 and 207878?
121
Calculate the highest common factor of 22 and 590414.
22
Calculate the highest common divisor of 907214 and 2752.
86
Calculate the greatest common divisor of 154721 and 322.
161
Calculate the greatest common divisor of 12 and 39908.
4
Calculate the highest common factor of 447 and 6611279.
149
What is the greatest common divisor of 3011745 and 165?
165
What is the greatest common factor of 203 and 57739?
29
Calculate the greatest common factor of 47580 and 549.
183
Calculate the highest common divisor of 32088 and 14.
14
What is the greatest common factor of 1024417 and 388?
97
Calculate the greatest common factor of 444 and 1717.
1
What is the greatest common divisor of 80 and 4986960?
80
What is the greatest common divisor of 39872 and 117824?
448
Calculate the highest common divisor of 95 and 240312.
19
Calculate the highest common factor of 251 and 889042.
251
What is the highest common divisor of 35 and 21895?
5
Calculate the greatest common divisor of 1018424 and 497.
71
What is the highest common factor of 1488 and 31310?
62
Calculate the highest common factor of 13 and 21034.
13
What is the highest common divisor of 2128 and 545072?
304
What is the highest common divisor of 758982 and 119?
119
What is the greatest common factor of 37932 and 24708?
348
What is the highest common factor of 715 and 88187?
11
Calculate the greatest common divisor of 238 and 218862.
14
What is the highest common factor of 5580 and 3180?
60
What is the greatest common factor of 270 and 45285?
15
What is the greatest common factor of 219872 and 88?
8
What is the highest common factor of 10096 and 4640?
16
Calculate the greatest common divisor of 16232 and 2216.
8
What is the highest common factor of 64567 and 1?
1
What is the greatest common divisor of 31 and 682093?
31
What is the highest common divisor of 2568 and 712299?
321
What is the greatest common divisor of 46310 and 3190?
110
Calculate the greatest common factor of 1918 and 602.
14
What is the greatest common factor of 11985 and 50235?
255
What is the greatest common divisor of 2441280 and 2880?
960
Calculate the greatest common divisor of 5 and 66330.
5
What is the greatest common factor of 54 and 239382?
54
What is the highest common divisor of 207 and 94737?
69
Calculate the greatest common divisor of 41714 and 6.
2
Calculate the highest common factor of 14441 and 175.
7
Calculate the greatest common divisor of 96192 and 14616.
72
What is the greatest common divisor of 3420 and 596340?
180
What is the highest common factor of 615 and 25635?
15
What is the greatest common divisor of 191 and 2392466?
191
Calculate the greatest common factor of 156 and 13644.
12
What is the highest common factor of 130 and 12714?
26
Calculate the greatest common factor of 45 and 144405.
45
What is the highest common divisor of 72545 and 1925?
55
Calculate the highest common divisor of 1712296 and 13896.
1544
What is the greatest common factor of 411 and 833097?
411
Calculate the highest common factor of 13363 and 4347.
161
What is the greatest common divisor of 659499 and 25757?
599
Calculate the highest common divisor of 1180 and 4317620.
1180
What is the highest common factor of 361197 and 603?
603
Calculate the greatest common factor of 68 and 7616.
68
Calculate the highest common factor of 132586 and 4.
2
Calculate the greatest common factor of 870650 and 330.
110
Calculate the highest common divisor of 885 and 60711.
177
Calculate the highest common divisor of 31 and 4305652.
31
What is the highest common divisor of 56420 and 1204?
28
What is the greatest common divisor of 231808 and 110471?
1811
What is the greatest common factor of 16376 and 1840?
184
Calculate the highest common divisor of 10252 and 88.
44
What is the highest common factor of 629500 and 2000?
500
Calculate the greatest common factor of 272 and 501959.
17
Calculate the greatest common divisor of 5754 and 19383.
21
Calculate the greatest common factor of 177 and 501441.
177
What is the greatest common factor of 5033 and 151709?
719
Calculate the greatest common divisor of 2709 and 19737.
387
Calculate the greatest common divisor of 25934 and 8.
2
What is the greatest common factor of 21120 and 479040?
960
What is the greatest common factor of 170055 and 45?
45
Calculate the highest common divisor of 1146753 and 27.
9
Calculate the greatest common factor of 1113 and 898933.
371
What is the highest common divisor of 288 and 114300?
36
What is the highest common divisor of 306 and 85850?
34
What is the